- (7 + -13 + 10).
9
What is 6 + (-12 - (-2 + -4)) - 3?
-3
Calculate -3 + (-2 - (-9 + 5 + -1)).
0
(-8 - -6) + -8 + -1 + 5
-6
(-3 - -1 - (6 + -5)) + 1
-2
Evaluate 5 - (5 + 7 + -7).
0
-3 - (1 + -5 + 8) - -12
5
What is the value of -8 + (-2 - -1) + (-107 - -110)?
-6
Evaluate -2 + (-2 - (-4 - -1)) + 1.
0
Calculate 4 + -3 + 6 + -7 - 6.
-6
-1 - (-2 - (3 + -8))
-4
What is the value of 2 - -7 - (12 + 1)?
-4
What is 4 - (2 + 0 - 1)?
3
-3 + (6 - -7) - 8
2
Calculate 6 - ((15 - 2) + -5).
-2
Evaluate -13 - (9 + -26) - (5 + 0).
-1
Calculate -35 + 36 + (-2 - 0) - -1.
0
What is 6 + (3 - (-1 - -3) - 4)?
3
What is 2 + -3 + (4 + 0 - 2)?
1
(5 - (-3 + 4)) + -7
-3
5 + (-3 - 1 - -1)
2
Calculate 0 + (5 - -2 - 12).
-5
What is the value of 3 + 4 + 0 + -15?
-8
Evaluate -37 - -29 - (0 - 3).
-5
What is the value of 11 + -11 + (5 - 11)?
-6
What is the value of (4 - (2 - (5 + -3))) + 2?
6
What is 11 - (15 - (-7 + 14))?
3
What is 11 + -13 + (1 - 2)?
-3
Calculate 9 + -2 + (1 - -2) + -12.
-2
What is (-5 - -3) + 1 + 1 + 2?
2
What is the value of 3 + (15 - 7) + -13 + -5?
-7
What is -5 + (3 - (1 - 0)) + 2?
-1
What is the value of -3 + -1 - (6 + -8)?
-2
2 + -6 + 2 + 2 + 1
1
Calculate 1 - -7 - (3 - (-8 - -12)).
9
What is the value of (6 - (-2 - 0)) + -3?
5
-4 + (3 - -1) + 0 - 3
-3
1 - (-1 + 6 + (1 - 4))
-1
What is -12 + 1 + 2 + 0 + 2?
-7
What is the value of -1 - ((-1 - 3) + 7)?
-4
What is the value of 14 + -13 + -2 - 4?
-5
Calculate 4 + (-4 - (3 - 6)).
3
Evaluate (-10 - -7 - 4) + 8 - 4.
-3
Calculate 2 - -1 - 0 - 6.
-3
What is 0 + 4 + (1 - 4)?
1
Evaluate -8 + (14 - (-10 - -9)).
7
What is (20 - (16 - -12)) + 1 + 5?
-2
What is -2 + 4 + -10 - (6 + -9)?
-5
What is (1 - 1) + (-9 - -11) - -1?
3
Evaluate (-1 - -1 - -7) + -1.
6
What is the value of -3 - -1 - (-11 - (-6 + -8))?
-5
Calculate -4 + 1 - (-4 - -9 - -3).
-11
What is the value of -144 + 150 - (0 + 14 + -1)?
-7
What is the value of 11 + -12 + (0 - 1)?
-2
(-5 - (5 + -17)) + (2 - 11)
-2
2 + (0 - 1) + -1
0
237 - 219 - (0 + 12)
6
Calculate 6 + -4 - 2 - (-2 + 0).
2
1 - (4 + 1 - -1) - 0
-5
Evaluate 3 + -1 - -4 - -2.
8
What is (-9 - (-7 - 0)) + 1 + 2?
1
Calculate 15 + -7 - (-10 - -18).
0
Evaluate 6 + (-17 + -1 - (-21 + 16)).
-7
(7 - -5) + -20 + (-1 - -12)
3
Evaluate -4 + 2 + 5 + 19 + -15.
7
-1 - (2 + 2) - (15 + -14)
-6
-3 - (-4 - 2 - -1)
2
Evaluate -5 + (-2 - -10) - 7.
-4
Calculate 7 + -2 + (-17 - (6 - 21)).
3
What is the value of (1 - -1 - (8 + -10)) + -2?
2
-4 + 3 + -4 + 2
-3
Calculate -8 + 10 + (-1 - (1 + -1)).
1
What is the value of (0 - 1 - (1 + 0)) + 6?
4
What is -2 - (1 + -4) - (0 - -6)?
-5
Evaluate 12 + -4 + 11 + (2 - 20).
1
Evaluate -5 + 6 + -3 - (0 + 1).
-3
Calculate 1 - 1 - (6 - -2).
-8
What is -2 + -4 + 2 + 3 + -2?
-3
Evaluate -5 + (1 - -7 - (-5 - -13)).
-5
3 - (-5 - 0 - (6 + -10))
4
Calculate (-2 - 0) + 1 - 2.
-3
What is 5 + -2 + -7 + 1 + 2?
-1
What is the value of (3 + -1 + 2 - 4) + 4?
4
What is the value of -7 - -4 - (-5 + -3)?
5
13 + -17 - (-2 - 0)
-2
1 + -4 + 10 - 7
0
Evaluate -9 - (5 - 11 - 0).
-3
Calculate -4 + (-3 - (0 - 1) - -4).
-2
13 - 19 - (-10 + 4)
0
-5 + 2 - (0 - (14 + -8))
3
What is the value of -3 - 1 - (-9 + 22 + -15)?
-2
What is the value of 0 + -1 + 14 + -15?
-2
What is the value of -1 + 6 - (-22 + 23) - 6?
-2
Calculate (-2 + 2 - -3 - -4) + 1.
8
What is -22 + -3 + 11 - -10?
-4
What is the value of -3 + 3 + (2 - 2) + -2?
-2
Calculate 4 + (0 - 4 - -3).
3
What is the value of -5 + (4 - -7) - 3?
3
What is 12 + -25 + (-12 - -21)?
-4
What is -1 + (4 - (11 - 6))?
-2
Calculate -3 + 1 + 5 + 8 + -6.
5
What is the value of (-3 - ((10 - 6) + 1)) + 1?
-7
What is the value of 0 - (-3 - (-4 - -3))?
2
What is the value of 6 + (0 - (3 + 0))?
3
5 + 4 + -8 + -1
0
Evaluate -6 + 5 + 2 - 6.
-5
What is -9 + (-1 - -1) - (-635 - -629)?
-3
Evaluate 4 + (-2 - -1 - 6).
-3
(4 + 5 - 5) + 4 + -5
3
Calculate (14 - 8) + (-5 - 2).
-1
What is -1 + (5 + -5 - 3) - 1?
-5
Evaluate -5 - -6 - (-6 + 3 + 2).
2
What is -67 + 65 - (-7 + -2 - -1)?
6
What is the value of -93 + 90 - (0 - 2)?
-1
Calculate -1 + -11 + 4 - -5.
-3
Calculate (41 - 28) + (0 - 9).
4
What is the value of 8 - (3 - -8) - -7?
4
What is -1 - (3 + -5 + 2 + 3)?
-4
Evaluate -104 + 104 - (-1 + 2).
-1
(-7 - -2 - -2) + 6 + -4
-1
What is -9 - -6 - (1 + (-6 - -2))?
0
What is 1 + 0 - (11 - (2 + 6))?
-2
What is the value of 8 + -10 + (2 - -5)?
5
-5 + (-3 + 1 - (-34 - -33))
-6
What is (-15 - -12 - (-9 - 0)) + -8?
-2
Evaluate 1 - (1 - (1 + 3 + -3)).
1
-1 + -7 + 13 + -11
-6
What is the value of -3 + (10 - 10) - (-13 - -3)?
7
0 + 1 - (0 - 4)
5
-4 + -1 + 4 + (-1 - 0)
-2
Calculate 11 + (-1 - (2 + 1)).
7
What is -1 - -11 - (11 - 0)?
-1
What is 3 - (-13 + 22 + -15)?
9
What is the value of -1 + 2 - ((-10 - -3) + -2)?
10
Calculate -1 - 2 - ((0 - -5) + -2).
-6
What is 0 + (7 - (-5 + 8))?
4
Evaluate 7 + (-2 - (0 + 1)) + -2.
2
(2 - 3 - -4) + -8
-5
What is 18 + 5 + -9 + -9?
5
What is (1 + -1 - 3) + -9 + 19?
7
What is the value of (0 - -1) + 0 - (-2 + 3)?
0
Calculate 4 + (-6 - (1 - 4) - 0).
1
2 + (-5 - -4) + -3
-2
Calculate 4 - 1 - 2 - (12 - 9).
-2
Calculate 1 + 1 + -4 + 2.
0
Evaluate 1 + 1 + (-8 - -7) - -4.
5
What is (-5 - 0) + 10 + -2 + -5?
-2
Evaluate 3 + (-18 - -9) - -8.
2
(19 - 13) + (-12 - -2) - 3
-7
16 - 6 - -1 - 6
5
Calculate (0 + 1 - 2) + -1 - 0.
-2
What is (2 + -4 - -4) + -4 + 1?
-1
8 + (-9 - 9) + 15
5
(1 - 4 - -1) + -19 + 14
-7
What is -14 - -12 - 4 - -10?
4
(-11 - (-2 - 6)) + 9
6
What is -1 + 4 - (18 + -18)?
3
What is 3 + -4 + -1 - -5?
3
What is 36 + -34 - (-1 - 1)?
4
What is -6 - -4 - (-1 + 2)?
-3
What is the value of -2 + (3 - (0 + (4 - 4)))?
1
What is the value of 2 + 1 + 17 + -16?
4
Evaluate -2 + 8 + -1 + -1 + 1.
5
Calculate 17 + -16 + 1 + 4 + 2.
8
Evaluate 1 + 0 + 1 + 1.
3
Calculate 6 + 4 - (25 - 24).
9
4 + (-4 - -5 - 3)
2
What is the value of -104 + 116 - (1 - -6)?
5
What is 12 - 11 - (-1 + 2 - 2)?
2
Calculate -5 - -1 - (-2 + -2 + -1).
1
What is 2 + 4 - (3 + 0 + 0)?
3
What is the value of 9 + (-10 - -4) - 10?
-7
Calculate 2 + 2 + -4 + 3.
3
-1 + -2 + 3 - 3
-3
What is the value of 10 - 13 - (1 + -5)?
1
What is the value of 3 + -4 + 0 + -9?
-10
What is the value of 12 - (3 + (17 - 11))?
3
Evaluate 12 + -6 + -4 + -1 + -5.
-4
What is the value of -4 + (5 - 3) + 9?
7
What is (5 - (8 - -4)) + 2 - -2?
-3
Calculate 0 + 2 - ((7 - 3) + 1).
-3
Evaluate -6 + (-2 - -14) + -18 - -6.
-6
What is -3 + (-3 - 2 - 0)?
-8
What is -3 - (2 - -3 - (2 - -7))?
1
What is (0 - -1) + (1 - (-1 + 4))?
-1
Calculate -1 - -4 - (0 - (2 - 4)).
1
Calculate 4 + -3 + (1 - 6).
-4
What is 54 - 64 - (0 - 14)?
4
What is the value of -7 + -2 + 2 + (-28 - -29)?
-6
0 + 5 - (8 + -2 - 5)
4
What is 3 + 1 - (-14 - -17)?
1
Calculate -5 + (-1 + -1 - -7).
0
Evaluate (-4 - -20 - 7) + (-1 - 3).
5
Evaluate (3 - (-7 - -7)) + 0.
3
Calculate 5 + 7 + -7 + 2 + 0.
7
What is (7 - 1) + -8 + (8 - 3)?
3
What is the value of 7 + -3 + -8 - -6?
2
Calculate -2 + -4 + (6 + 1 - 6).
-5
Evaluate (13 - 0) + (-35 - -29) - 6.
1
What is -13 + (8 - -1) - -6?
2
What is 1 - (-2 + 1 - 1) - -1?
4
What is the value of (-2 - 1) + 7 + (-1 - -2)?
5
-38 + 13 + (11 - -3)
-11
What is (-7 + 4 - -15) + -5?
7
What is (-14 + 10 - 4) + 11?
3
What is the value of 6 - (2 + -2) - 10?
-4
What is the value of 3 + (11 - (5 + -1)) + -7?
3
9 - (3 - (-4 - -3))
5
What is the value of 4 - (3 - (6 - 4))?
3
What is the value of -85 + 91 - (0 + -2 - -1)?
7
What is 2 + (-1 - 4 - -1 - -5)?
3
Evaluate 6 - (4 + (-5 - (-2 - -2))).
7
What is 10 - (1 - -7) - -4?
6
What is 2 + -3 + -12 + 10?
-3
What is (0 - -5) + (-1 - 1 - 10)?
-7
What is 1 + -2 + (2 - 0)?
1
Calculate 6 + -4 + -3 - -6.
5
Calculate (-5 - -3) + 8 + -4.
2
Evaluate (0 - (-4 - -2 - -3)) + -4.
-5
Calculate -14 + (9 - 1) + -1 + 2.
-5
What is 2 - (11 + -2 + -1)?
-6
What is -6 + (-3 - -5) + (-1 - 1)?
-6
What is the value of -6 + (5 - 1) + 6 + -4?
0
What is (2 + 1 - -2) + 15 + -17?
3
What is the value of -2 + 9 - 13 - -9?
3
-16 + 10 - (0 - 4)
-2
Calculate -5 + 1 + 9 + (-3 - 1).
1
What is the value of -2 - ((4 - 0) + -3 + -5)?
2
Evaluate (-3 - (-5 - -6)) + 5.
1
(1 - -1 - (-3 + 3)) + -6
-4
Evaluate -3 - 1 - (-2 - 5).
3
Calculate 2 - ((0 - -3) + 0 + 0).
-1
What is -5 + 3 + (0 - -2) + -2?
-2
-2 - (-5 - (-6 - -2))
-1
Evaluate -4 + -2 + 3 + (-4 - -4).
-3
(-9 - (13 - 11)) + 10
-1
-1 - 1 - (0 + -4)
2
What is the value of (1 - (-2 + 2)) + 7 + -10?
-2
Eval